-2*k**2 + 4*k - 2. Let s(f) = -f**3 - 23*f**2 + 73*f + 577. Let d be s(-25). Calculate j(d).
-2
Let v = 2455 + -2462. Let u(n) = n**2 + 11*n + 10. What is u(v)?
-18
Suppose 0*u + j + 1 = u, 2*u + 4*j - 32 = 0. Let b(h) = -h - 8. Let i(m) = -m - 1. Let z(d) = -b(d) + 2*i(d). Give z(u).
0
Let t be (-2 + 3)/(2/(-6)). Let w(j) = -7 + 3260*j - 6532*j + 8 + 3270*j. Give w(t).
7
Suppose -2*d + 7 = -3*a, 2*d + 13 = 6*d - 5*a. Let o(u) = 6*u - u**d - 4*u + 2 - 3*u. Let y be o(-2). Let b(l) = -l**3 + l - 12. What is b(y)?
-12
Let d(a) = -38*a - 7. Let x(o) = 104*o + 20. Suppose 0 = -115*z + 120*z + 55. Let b(l) = z*d(l) - 4*x(l). Give b(-4).
-11
Let j(q) = 11*q - 3 + 15*q - 3*q**2 + q**3 - 39*q + 16*q. Let d = 3032 - 3029. Determine j(d).
6
Suppose 5*l - 43 = -3*k + 7*k, -5*k - 41 = -2*l. Let s(f) be the second derivative of -f**4/12 - f**3 + 7*f**2/2 - 10*f. Give s(k).
0
Let m(h) = 3*h + 27. Let k(o) = -7*o - 44. Let s(w) = -22*w - 129. Let q(j) = -7*k(j) + 2*s(j). Let u(i) = -7*m(i) + 4*q(i). Give u(-10).
21
Suppose 3*a + 27 - 21 = 0. Let q be (-75)/(-30) - (-7)/a. Let z(y) = 7*y**3 + 2*y**2 - 1. What is z(q)?
-6
Let a(m) be the first derivative of 3*m**2 + 147*m - 4923. Give a(-23).
9
Let w = -111 + 113. Let i(y) = y**w + 1422*y - y**2 - y**2 - 1418*y + 9. What is i(7)?
-12
Let v(z) = -314*z**2 + 76*z**2 + 1 + 76*z**2 + 80*z**2 + 81*z**2 - 7*z. Determine v(-8).
-7
Suppose 3131 - 2933 = 33*n. Let c(g) = -5*g + 31. Determine c(n).
1
Let t(u) = u**2 + 8*u - 2. Let x(w) = -w**3 + 9*w**2 - 11*w + 20. Let k be x(8). Let c be (-33)/6*(6 + k). Determine t(c).
31
Suppose 0 = 2*t - 6*z + 4*z - 2, 0 = -7*t + 4*z - 11. Let h(c) = 2*c**2 + 15*c + 4. What is h(t)?
-21
Let o(n) = -9*n**2 - 40*n - 57. Let j(s) = -8*s**2 - 40*s - 52. Let h(d) = 7*j(d) - 6*o(d). Determine h(-19).
16
Suppose 6*v - 4 = 2. Suppose 4*f - 72 = f. Let i(c) = c**3 + 2*c**2 + 23 - f - 11*c**3. Determine i(v).
-9
Let q(r) = 118*r + 118*r - 252*r + 187. Determine q(12).
-5
Let c(u) = -16 + 56 + 2*u - 46 - u**3. Suppose -5*n = 2*a + 20, 12 = 3*a + 184*n - 187*n. Determine c(a).
-6
Let i(s) = -42 + 43 + 25 + 2*s. What is i(-17)?
-8
Let m(k) = -7*k**3 + 34*k**2 + 6*k. Suppose 0*q + 5*i - 60 = -4*q, q + 35 = 5*i. Calculate m(q).
5
Suppose 6*d - 24*d = -72. Let m(j) = -j**3 + 5*j**2 - 2*j + 1. Let h be m(d). Let u(t) be the first derivative of t**3/3 - 6*t**2 + 12*t - 5. Calculate u(h).
-15
Let u(a) = 617*a - 12. Let h(g) = 924*g - 12. Let o(m) = 2*h(m) - 3*u(m). Calculate o(-4).
24
Let d(r) = -18*r**3 + 2*r - 2. Let h(u) = -u**2 + 14*u + 96. Let n be h(19). Determine d(n).
-18
Suppose 4*l - 60 = -8*j + 10*j, 90 = -2*j - 2*l. Let n be -5*152/j - 7. Let x(k) = -k + 17. Calculate x(n).
5
Let j(f) = -f**2 + 6*f - 5. Let a = 82 + 10. Let h = a - 87. Suppose -2*z + h = 2*z - 5*b, 0 = 5*b - 15. Give j(z).
0
Let n = -81 - -87. Let o(t) = 7*t + 7. Let h(f) = 8*f + 7. Let w(r) = -5*h(r) + 6*o(r). Determine w(n).
19
Suppose 0 = 5*v - 21 + 1, 2*w - 2 = 2*v. Suppose 0 = 2*g + 7 + w. Let i(o) = 4*o + 1 - 2 + 0*o - 2*o. What is i(g)?
-13
Let g(q) = -3*q**2 - 18*q + 24. Let j(l) = -17*l**2 - 93*l + 120. Let o(k) = 11*g(k) - 2*j(k). Calculate o(9).
-3
Let l(p) = p**2 - 119*p + 3480. Let w be l(67). Let b(s) = 7*s + 19. Determine b(w).
-9
Let c(o) = -o**2 - 10*o - 18. Let n(f) = 3*f**2 - 3*f - 11. Let v be n(2). Determine c(v).
7
Let k = -15 + 8. Suppose -70 = -31*a + 24*a. Let w(m) = 4*m**3 + a*m**2 - 2*m**2 - 9 - 2*m**3 - m**3 + 8*m + 10. Calculate w(k).
-6
Let n(s) be the third derivative of s**4/8 + 13*s**3/3 + 51*s**2 + 29. Calculate n(-10).
-4
Let b(j) = 5 - 3*j**2 - 114*j**3 - 1 + 232*j**3 - 117*j**3 - 2*j. What is b(3)?
-2
Let l(g) = g**3 - 15*g**2 + 68*g - 125. Let s be l(9). Let y(n) = -9*n - 1. Let c(q) = 18*q + 2. Let k(b) = -2*c(b) - 5*y(b). Determine k(s).
10
Let u(h) = -17*h - 233. Let b(z) = 18*z + 225. Let a(t) = 3*b(t) + 2*u(t). Calculate a(-10).
9
Let l(s) = -s**2 - 8*s + 16. Let p(b) = -2*b**2 + 4*b. Let x be p(-2). Let h be (11 + -1)/2 + x. Give l(h).
-17
Suppose -53*i - 275 = -78*i. Let y(g) = -g**2 + 14*g - 14. Give y(i).
19
Suppose -5*z + 12 = -i - 70, -4*i = 8. Let x = z + -10. Let k(q) be the second derivative of -q**3/3 - q**2 + 7956*q. Determine k(x).
-14
Let v = 596 + -580. Let u be -3 + -1 - (-14 + v). Let m(a) = -a - 13. What is m(u)?
-7
Let k be ((-5)/3)/((-1)/3). Let n(q) = -116*q - 3. Let h(o) = 85*o + 3. Let a(x) = -4*h(x) - 3*n(x). What is a(k)?
37
Suppose h = -6*h + 203. Let a = h - 23. Let v(u) = -u**3 + 7*u**2 - 3*u - 7. Determine v(a).
11
Let z(k) be the first derivative of 9*k**2 - 2913. Give z(1).
18
Let t(j) = -j - 13. Let m = 80 - 80. Let z be -1 + 1 + 8/(-8). Let u be z + 2 - (1 + m). Determine t(u).
-13
Let c(h) = -23*h - 84. Let q be (1 + (-1)/5)*(-880 + 875). Determine c(q).
8
Let k = 7891 + -7895. Let c(n) = -2*n**2 - 2*n + 8. Determine c(k).
-16
Let v be ((-17)/3)/((-22)/66). Let w be 4/(1 - v)*0. Let r(z) = 6*z - z - 4*z + w + 1. Give r(3).
4
Let n(k) = -2*k + 6. Let y be 4 + 0 - (1 - 1). Let t(r) = 204 + r**2 - r - 206 + 2*r - 2*r - r. Let j be t(y). Give n(j).
-6
Let l be (5 - (-160)/(-30)) + 100/(-6). Let p(v) = v**2 + 18*v + 9. Calculate p(l).
-8
Let f be 7/(21/(-15)) - (1 - 5). Let j be 6 + -5 + f + -6. Let x(y) = -y**2 - 4*y. Determine x(j).
-12
Suppose -148*o + 14 = 2*g - 145*o, 3*o - 6 = 0. Let p(l) = 2*l**2 - 9*l + 3. Give p(g).
-1
Let j(k) = -531*k + 1066. Let l be j(2). Let z(h) be the second derivative of -3/2*h**3 + 7*h**2 + 0 - 1/12*h**l + 27*h. What is z(-10)?
4
Let j(x) = -28*x - 47. Let y(c) = 4*c + 8. Let l(r) = 4*j(r) + 26*y(r). Give l(5).
-20
Let l(y) be the third derivative of 11/6*y**3 - 1/6*y**4 + 0 + 0*y + 13*y**2. Let k be l(4). Let j(z) = -z**2 - 3*z + 3. Give j(k).
-7
Suppose -2*m - 14 = -3*h, 22 = 3*h + h - m. Let t = 11 - h. Let r(q) be the second derivative of -q**4/12 + 5*q**3/6 - 3*q**2 - 168*q - 8. Give r(t).
-6
Let l = -21 - -26. Suppose 3*f + l = 11. Let v(m) = 16 - 34 + 3*m + m**3 + 16 - 5*m**f + 2*m. What is v(4)?
2
Let q(p) = -p**3 + 7*p**2 - 7*p. Let t be q(7). Let d be (-5)/(70/t)*(1 + 1). Let y(v) = -v**3 + 7*v**2 + 1. Calculate y(d).
1
Let s(p) = -p**2 + p - 1. Let h(b) = 10*b**2 - 6*b + 6. Let c(k) = h(k) + 6*s(k). Let u(d) = d + 10. Let l be u(-10). Suppose l = 3*a + 18 - 21. What is c(a)?
4
Let i(o) be the second derivative of 2/3*o**3 + 5/2*o**2 - 6*o + 8. Calculate i(4).
21
Let n be (-1083)/38*(-2)/3. Suppose -b + 3*q - 1 = 0, 0 = -3*b - 0*q - 2*q + n. Let g(a) = a**2 - 4*a - 2. What is g(b)?
3
Let d(i) = 2*i**2 + 262*i - 5041. Let o be d(17). Let a(g) = 2*g + 38. Let c(v) = -3*v - 38. Let k(r) = 2*a(r) + 3*c(r). Give k(o).
7
Let o = -14536 + 14577. Let z(i) = -5*i + 192. Determine z(o).
-13
Suppose 941*z = 993*z. Let i(o) = 2*o + 37. Determine i(z).
37
Let m(p) be the first derivative of p**3/3 - 15*p**2 + 225*p - 2104. Calculate m(14).
1
Let d(n) be the third derivative of n**5/60 + n**4/12 - 15944*n**2 + 2*n. Let m = 11 + -7. Let v = 0 - m. Determine d(v).
8
Let k(z) = z**3 - 3*z**2 + z - 3. Let q(j) = -3*j + 36. Let a be q(12). Suppose a = 5*y + 66 - 81. What is k(y)?
0
Let h be (9 - (-5 + 6)) + -4. Let s(d) = d**2 + 2*d - 4 + 9 - 3*d - h*d. Determine s(5).
5
Let t(k) be the third derivative of 72*k**2 + 11/6*k**3 + 0 + 0*k - 1/24*k**4. Give t(12).
-1
Let u be 5/(105/18) - (23 - 1296/56). Let o(b) = b**3 + b**2 + 24*b - 24. Calculate o(u).
2
Let d(i) = 5*i**3 - 56*i**2 - 74*i + 31. Let k(s) = 2*s**3 - 18*s**2 - 25*s + 11. Let f(y) = -3*d(y) + 8*k(y). What is f(-23)?
18
Let s(p) = p - 201 + 194 - 10*p. Calculate s(5).
-52
Let a be 145 - (-1 + 5)/2. Suppose 0 = -5*d + 17 + a. Let v(r) = -d*r - 38*r + 71*r. What is v(4)?
4
Let r(m) be the first derivative of -2*m**3/3 + 9*m**2/2 + 4*m - 1986. Determine r(-6).
-122
Let a(l) = 936 - 2*l**3 - 1167 + 233 + 6*l - l**2. Calculate a(2).
-6
Let q(s) = s**2 - 7*s + 2. Let p be 134*((-11)/(-44))/((-2)/4). Let f = p - -72. Determine q(f).
-8
Let h(m) = m**2 + 5. Let f be 40/(5 + -10) + 3 - -5. Let s be 6 + 1 + f - 7. Calculate h(s).
5
Let k(z) be the first derivative of -18*z**2 - 2*z + 4637. Determine k(-1).
34
Let a(b) = -3*b**2 - 86*b - 30. Let n(i) = -i**2 - 31*i - 11. Let p(t) = 4*a(t) - 11*n(t). Determine p(5).
-39
Let u(h) be the third derivative of h**6/720 - h**5/12